{"version":"1.0","provider_name":"Blog BANDI","provider_url":"https:\/\/www.bandi.pl\/blog","author_name":"BANDI","author_url":"https:\/\/www.bandi.pl\/blog\/author\/bandi\/","title":"Cosmoprof Worldwide Bologna 2019 &#187; Blog BANDI","type":"rich","width":600,"height":338,"html":"<blockquote class=\"wp-embedded-content\" data-secret=\"jzm0ApaozY\"><a href=\"https:\/\/www.bandi.pl\/blog\/cosmoprof-worldwide-bologna-2019\/\">Cosmoprof Worldwide Bologna 2019<\/a><\/blockquote><iframe sandbox=\"allow-scripts\" security=\"restricted\" src=\"https:\/\/www.bandi.pl\/blog\/cosmoprof-worldwide-bologna-2019\/embed\/#?secret=jzm0ApaozY\" width=\"600\" height=\"338\" title=\"&#8222;Cosmoprof Worldwide Bologna 2019&#8221; &#8212; Blog BANDI\" data-secret=\"jzm0ApaozY\" frameborder=\"0\" marginwidth=\"0\" marginheight=\"0\" scrolling=\"no\" class=\"wp-embedded-content\"><\/iframe><script type=\"text\/javascript\">\n\/* <![CDATA[ *\/\n\/*! This file is auto-generated *\/\n!function(d,l){\"use strict\";l.querySelector&&d.addEventListener&&\"undefined\"!=typeof URL&&(d.wp=d.wp||{},d.wp.receiveEmbedMessage||(d.wp.receiveEmbedMessage=function(e){var t=e.data;if((t||t.secret||t.message||t.value)&&!\/[^a-zA-Z0-9]\/.test(t.secret)){for(var s,r,n,a=l.querySelectorAll('iframe[data-secret=\"'+t.secret+'\"]'),o=l.querySelectorAll('blockquote[data-secret=\"'+t.secret+'\"]'),c=new RegExp(\"^https?:$\",\"i\"),i=0;i<o.length;i++)o[i].style.display=\"none\";for(i=0;i<a.length;i++)s=a[i],e.source===s.contentWindow&&(s.removeAttribute(\"style\"),\"height\"===t.message?(1e3<(r=parseInt(t.value,10))?r=1e3:~~r<200&&(r=200),s.height=r):\"link\"===t.message&&(r=new URL(s.getAttribute(\"src\")),n=new URL(t.value),c.test(n.protocol))&&n.host===r.host&&l.activeElement===s&&(d.top.location.href=t.value))}},d.addEventListener(\"message\",d.wp.receiveEmbedMessage,!1),l.addEventListener(\"DOMContentLoaded\",function(){for(var e,t,s=l.querySelectorAll(\"iframe.wp-embedded-content\"),r=0;r<s.length;r++)(t=(e=s[r]).getAttribute(\"data-secret\"))||(t=Math.random().toString(36).substring(2,12),e.src+=\"#?secret=\"+t,e.setAttribute(\"data-secret\",t)),e.contentWindow.postMessage({message:\"ready\",secret:t},\"*\")},!1)))}(window,document);\n\/\/# sourceURL=https:\/\/www.bandi.pl\/blog\/wp-includes\/js\/wp-embed.min.js\n\/* ]]> *\/\n<\/script>\n","description":"Wiod\u0105ce targi na ca\u0142ym \u015bwiecie, \u0142\u0105cz\u0105ce wszystkie obszary przemys\u0142u kosmetycznego, od surowc\u00f3w po gotowy produkt. Dlatego nie mog\u0142o nas tam zabrakn\u0105\u0107 \ud83d\ude42 Wzi\u0119li\u015bmy udzia\u0142 w wydarzeniu z siln\u0105 ekip\u0105 targow\u0105, kt\u00f3ra \u015bwietnie poradzi\u0142a sobie z licznymi rozmowami i pytaniami. Ta edycja, jak ka\u017cda by\u0142a inspiruj\u0105ca, motywuj\u0105ca i niezwykle ciekawa. W tym roku swoj\u0105 \u015bwiatow\u0105 premier\u0119 [&hellip;]","thumbnail_url":"https:\/\/www.bandi.pl\/blog\/wp-content\/uploads\/2019\/06\/bandi-logo.png","thumbnail_width":264,"thumbnail_height":111}

Wiodące targi na całym świecie, łączące wszystkie obszary przemysłu kosmetycznego, od surowców po gotowy produkt. Dlatego nie mogło nas tam zabraknąć 🙂 Wzięliśmy udział w wydarzeniu z silną ekipą targową, która świetnie poradziła sobie z licznymi rozmowami i pytaniami. Ta edycja, jak każda była inspirująca, motywująca i niezwykle ciekawa. W tym roku swoją światową premierę [&hellip;]
